
What is the remainder when 677511 is divided by 236?
191
Calculate the remainder when 857510149 is divided by 35.
34
Calculate the remainder when 936706 is divided by 312234.
4
What is the remainder when 223022 is divided by 842?
734
What is the remainder when 624826 is divided by 375?
76
What is the remainder when 6731951 is divided by 9298?
199
What is the remainder when 316385 is divided by 2348?
1753
What is the remainder when 1876993 is divided by 832?
1
What is the remainder when 2262933 is divided by 6562?
5605
What is the remainder when 162897 is divided by 40713?
45
Calculate the remainder when 90426 is divided by 90215.
211
What is the remainder when 6191070 is divided by 35994?
102
What is the remainder when 307375 is divided by 27929?
156
Calculate the remainder when 55641023 is divided by 288.
287
What is the remainder when 151798526 is divided by 3614250?
26
What is the remainder when 5187572 is divided by 10375?
72
Calculate the remainder when 78025 is divided by 38435.
1155
What is the remainder when 717971 is divided by 11396?
23
What is the remainder when 28847101 is divided by 4807849?
7
What is the remainder when 19550482 is divided by 996?
994
What is the remainder when 8287431 is divided by 1985?
56
Calculate the remainder when 548247 is divided by 14057.
24
Calculate the remainder when 40346323 is divided by 2714.
2713
Calculate the remainder when 676902 is divided by 403.
265
What is the remainder when 1488679 is divided by 20?
19
Calculate the remainder when 83963 is divided by 109.
33
Calculate the remainder when 230961 is divided by 259.
192
Calculate the remainder when 1546249 is divided by 1519.
1426
What is the remainder when 26937155 is divided by 913?
3
What is the remainder when 372999 is divided by 903?
60
Calculate the remainder when 308589 is divided by 102857.
18
What is the remainder when 1758016 is divided by 10?
6
What is the remainder when 8103355 is divided by 8103348?
7
What is the remainder when 286603 is divided by 5849?
2
Calculate the remainder when 972292 is divided by 7252.
524
What is the remainder when 16919 is divided by 956?
667
Calculate the remainder when 1095344 is divided by 159.
152
What is the remainder when 858202 is divided by 456?
10
What is the remainder when 233656 is divided by 77883?
7
What is the remainder when 845087 is divided by 49709?
34
Calculate the remainder when 45876 is divided by 234.
12
What is the remainder when 6349955 is divided by 515?
5
What is the remainder when 17525 is divided by 16272?
1253
Calculate the remainder when 907249 is divided by 300163.
6760
What is the remainder when 1032208 is divided by 2574?
34
Calculate the remainder when 10188770 is divided by 743.
11
Calculate the remainder when 7755183 is divided by 3877572.
39
Calculate the remainder when 4265857 is divided by 2132553.
751
Calculate the remainder when 15635 is divided by 9977.
5658
What is the remainder when 1205545 is divided by 1025?
145
Calculate the remainder when 533237 is divided by 764.
729
Calculate the remainder when 2482399 is divided by 101.
21
What is the remainder when 34111543 is divided by 2131970?
23
What is the remainder when 14121 is divided by 1408?
41
Calculate the remainder when 1063669 is divided by 1517.
252
Calculate the remainder when 162285 is divided by 882.
879
Calculate the remainder when 292310 is divided by 48711.
44
Calculate the remainder when 282464 is divided by 9415.
14
Calculate the remainder when 3484325 is divided by 7052.
637
Calculate the remainder when 10555431 is divided by 486.
483
What is the remainder when 62986180 is divided by 645?
640
Calculate the remainder when 51101 is divided by 6390.
6371
Calculate the remainder when 2456722 is divided by 27.
19
Calculate the remainder when 321907979 is divided by 71983.
3
Calculate the remainder when 224945 is divided by 4232.
649
What is the remainder when 6820761 is divided by 243?
237
What is the remainder when 1164844 is divided by 267?
190
Calculate the remainder when 22047812 is divided by 3149687.
3
What is the remainder when 103871 is divided by 609?
341
What is the remainder when 9125776 is divided by 142?
4
Calculate the remainder when 7049529 is divided by 40.
9
Calculate the remainder when 7610 is divided by 2501.
107
What is the remainder when 497013 is divided by 417?
366
Calculate the remainder when 103524937 is divided by 29.
12
What is the remainder when 463447 is divided by 231603?
241
What is the remainder when 8799102 is divided by 1309?
4
Calculate the remainder when 21293 is divided by 29.
7
Calculate the remainder when 2185884 is divided by 1576.
1548
Calculate the remainder when 579862 is divided by 1671.
25
Calculate the remainder when 2200096 is divided by 19299.
10
What is the remainder when 909680 is divided by 1324?
92
What is the remainder when 4419190 is divided by 5039?
5026
What is the remainder when 269839 is divided by 445?
169
What is the remainder when 829108 is divided by 666?
604
Calculate the remainder when 25477324 is divided by 255.
19
What is the remainder when 26016703 is divided by 16?
15
What is the remainder when 146613424 is divided by 137?
134
What is the remainder when 837275 is divided by 87?
74
What is the remainder when 51853426 is divided by 407?
405
Calculate the remainder when 329495 is divided by 4582.
4173
What is the remainder when 42413806 is divided by 41787?
1
What is the remainder when 945208 is divided by 61?
13
Calculate the remainder when 2393809 is divided by 5503.
4
What is the remainder when 5145828 is divided by 72?
60
What is the remainder when 6320552 is divided by 37?
27
What is the remainder when 103612779 is divided by 4390?
4389
Calculate the remainder when 10546199 is divided by 422.
419
What is the remainder when 625516139 is divided by 186?
185
Calculate the remainder when 41523 is divided by 756.
699
What is the remainder when 6369501 is divided by 1156?
1097
What is the remainder when 41140893 is divided by 52?
1
What is the remainder when 2642767 is divided by 550?
17
What is the remainder when 344638 is divided by 9298?
612
Calculate the remainder when 413719 is divided by 144.
7
Calculate the remainder when 18314613 is divided by 4578653.
1
What is the remainder when 14245 is divided by 21?
7
Calculate the remainder when 79869 is divided by 4192.
221
Calculate the remainder when 8755071 is divided by 128.
127
Calculate the remainder when 218877 is divided by 149.
145
What is the remainder when 1880135 is divided by 6104?
103
What is the remainder when 1486765 is divided by 58?
51
What is the remainder when 747580 is divided by 1079?
912
What is the remainder when 5391185 is divided by 604?
485
What is the remainder when 72353 is divided by 71734?
619
What is the remainder when 6039634 is divided by 52?
42
Calculate the remainder when 5788628 is divided by 302.
194
What is the remainder when 9744347 is divided by 5296?
5003
What is the remainder when 58918338 is divided by 115?
43
Calculate the remainder when 71266870 is divided by 955.
950
What is the remainder when 1480816 is divided by 1133?
1118
Calculate the remainder when 135077 is divided by 22459.
323
Calculate the remainder when 99068 is divided by 4955.
4923
What is the remainder when 310793 is divided by 1843?
1169
What is the remainder when 21600094 is divided by 5?
4
What is the remainder when 1196470 is divided by 1165?
15
Calculate the remainder when 2115435 is divided by 927.
21
Calculate the remainder when 30748 is divided by 2934.
1408
Calculate the remainder when 1126540 is divided by 11042.
256
What is the remainder when 56498 is divided by 1096?
602
Calculate the remainder when 9802782 is divided by 7483.
52
Calculate the remainder when 289648 is divided by 58.
54
What is the remainder when 17940 is divided by 1451?
528
Calculate the remainder when 167934495 is divided by 13243.
12
Calculate the remainder when 2232563 is divided by 96.
83
What is the remainder when 142842 is divided by 18?
12
Calculate the remainder when 140593 is divided by 35083.
261
Calculate the remainder when 123651358 is divided by 4698.
4696
What is the remainder when 84125 is divided by 1009?
378
What is the remainder when 2448903 is divided by 87?
27
What is the remai